{"id":57,"date":"2015-08-24T18:14:46","date_gmt":"2015-08-24T18:14:46","guid":{"rendered":"http:\/\/fastrackparents.com\/devsite\/romania\/?page_id=57"},"modified":"2016-02-01T17:15:00","modified_gmt":"2016-02-01T17:15:00","slug":"assessment","status":"publish","type":"page","link":"http:\/\/fastrackparents.com\/romania\/assessment\/","title":{"rendered":"Assessment"},"content":{"rendered":"<p>[et_pb_section fullwidth=&#8221;on&#8221; specialty=&#8221;off&#8221;][et_pb_fullwidth_image admin_label=&#8221;Fullwidth Image&#8221; src=&#8221;http:\/\/fastrackparents.com\/devsite\/wp-content\/uploads\/sites\/9\/2015\/08\/Assesmentsheader.jpg&#8221; show_in_lightbox=&#8221;off&#8221; url_new_window=&#8221;off&#8221; animation=&#8221;off&#8221; use_border_color=&#8221;off&#8221; border_color=&#8221;#ffffff&#8221; border_style=&#8221;solid&#8221;]<\/p>\n<p>[\/et_pb_fullwidth_image][\/et_pb_section][et_pb_section][et_pb_row][et_pb_column type=&#8221;1_3&#8243;][et_pb_sidebar admin_label=&#8221;Sidebar&#8221; orientation=&#8221;left&#8221; area=&#8221;et_pb_widget_area_3&#8243; background_layout=&#8221;light&#8221; remove_border=&#8221;off&#8221;]<\/p>\n<p>[\/et_pb_sidebar][\/et_pb_column][et_pb_column type=&#8221;2_3&#8243;][et_pb_text admin_label=&#8221;Text&#8221; background_layout=&#8221;light&#8221; text_orientation=&#8221;left&#8221; use_border_color=&#8221;off&#8221; border_color=&#8221;#ffffff&#8221; border_style=&#8221;solid&#8221;]<\/p>\n<h1 class=\"pagetitle\" style=\"text-align: center;\">Evaluarea Poten\u0163ialului de \u00cenv\u0103\u0163are FasTrack<\/h1>\n<p><a href=\"http:\/\/fastrackparents.com\/devsite\/wp-content\/uploads\/sites\/9\/2016\/01\/rule_yellow.png\"><img loading=\"lazy\" class=\"alignright size-full wp-image-2767\" src=\"http:\/\/fastrackparents.com\/devsite\/wp-content\/uploads\/sites\/9\/2016\/01\/rule_yellow.png\" alt=\"rule_yellow\" height=\"7\" width=\"1098\" srcset=\"http:\/\/fastrackparents.com\/romania\/wp-content\/uploads\/sites\/9\/2016\/01\/rule_yellow.png 1098w, http:\/\/fastrackparents.com\/romania\/wp-content\/uploads\/sites\/9\/2016\/01\/rule_yellow-300x2.png 300w, http:\/\/fastrackparents.com\/romania\/wp-content\/uploads\/sites\/9\/2016\/01\/rule_yellow-1024x7.png 1024w, http:\/\/fastrackparents.com\/romania\/wp-content\/uploads\/sites\/9\/2016\/01\/rule_yellow-1080x7.png 1080w, http:\/\/fastrackparents.com\/romania\/wp-content\/uploads\/sites\/9\/2016\/01\/rule_yellow-24x1.png 24w, http:\/\/fastrackparents.com\/romania\/wp-content\/uploads\/sites\/9\/2016\/01\/rule_yellow-36x1.png 36w, http:\/\/fastrackparents.com\/romania\/wp-content\/uploads\/sites\/9\/2016\/01\/rule_yellow-48x1.png 48w\" sizes=\"(max-width: 1098px) 100vw, 1098px\" \/><\/a><\/p>\n<p>[\/et_pb_text][et_pb_text admin_label=&#8221;Text&#8221; background_layout=&#8221;light&#8221; text_orientation=&#8221;left&#8221; use_border_color=&#8221;off&#8221; border_color=&#8221;#ffffff&#8221; border_style=&#8221;solid&#8221;]<\/p>\n<h3 style=\"text-align: center;\"><span style=\"color: #000080;\">Cum pute\u0163i s\u0103 v\u0103 ajuta\u0163i copilul s\u0103 devin\u0103 un elev potrivit secolului 21?<\/span><\/h3>\n<p>La FasTracKids\u00ae credem \u00een dezvoltarea TOTAL\u0102 a copilului. Nu se pune problema DAC\u0102 cel mic este inteligent, ci \u00ceN CE FEL este copilul dumneavoastr\u0103 inteligent!<\/p>\n<p>Fiecare copil are stilul lui de \u00eenv\u0103\u0163are preferat care dicteaz\u0103 cum \u00eenva\u0163\u0103 cel mai bine. De exemplu, dac\u0103 este un elev kinestetic, el va \u00eenv\u0103\u0163a s\u0103 numere cel mai bine c\u00e2nd bate mingea sau c\u00e2nd urc\u0103 sc\u0103rile. Dac\u0103 el este un elev muzical\/ritmic, va \u00eenv\u0103\u0163a s\u0103 numere folosind o poezie sau un c\u00e2ntec.<\/p>\n<p>Pentru a putea sus\u0163ine dezvoltarea copilului dumneavoastr\u0103, trebuie s\u0103 \u015fti\u0163i cum \u00eenva\u0163\u0103 acesta. De aceea, FasTracKids a dezvoltat Evaluarea Poten\u0163ialului de \u00cenv\u0103\u0163are FasTrack\u00ae. AcestEvaluarea Poten\u0163ialului de \u00cenv\u0103\u0163are FasTrack instrument este bazat pe Teoria Inteligen\u0163elor Multiple a lui Howard Gardner, care spune c\u0103 fiecare copil folose\u015fte o combina\u0163ie unic\u0103 de 8 abilit\u0103\u0163i de \u00eenv\u0103\u0163are. Abilit\u0103\u0163ile copilului dumneavoastr\u0103 pot fi mai bine \u00een\u0163elese dac\u0103 sunt cunoscute mai \u00eent\u00e2i preferin\u0163ele lui de \u00eenv\u0103\u0163are.  <img loading=\"lazy\" class=\"alignright size-medium wp-image-744\" src=\"http:\/\/fastrackparents.com\/devsite\/wp-content\/uploads\/sites\/9\/2015\/08\/MIWheelWnew8-300x225.png\" alt=\"MIWheelWnew8\" height=\"225\" width=\"300\" srcset=\"http:\/\/fastrackparents.com\/romania\/wp-content\/uploads\/sites\/9\/2015\/08\/MIWheelWnew8-300x225.png 300w, http:\/\/fastrackparents.com\/romania\/wp-content\/uploads\/sites\/9\/2015\/08\/MIWheelWnew8-24x18.png 24w, http:\/\/fastrackparents.com\/romania\/wp-content\/uploads\/sites\/9\/2015\/08\/MIWheelWnew8-36x27.png 36w, http:\/\/fastrackparents.com\/romania\/wp-content\/uploads\/sites\/9\/2015\/08\/MIWheelWnew8-48x36.png 48w, http:\/\/fastrackparents.com\/romania\/wp-content\/uploads\/sites\/9\/2015\/08\/MIWheelWnew8.png 800w\" sizes=\"(max-width: 300px) 100vw, 300px\" \/>Cu o evaluare simpl\u0103 de 30 de minute, FasTracKids v\u0103 ajut\u0103 s\u0103 identifica\u0163i stilul dominant de \u00eenv\u0103\u0163are al copilului dumneavoastr\u0103. \u00cen centrele noastre, un formator certificat FasTracKids va lucra \u00eempreun\u0103 cu dumneavoastr\u0103 \u015fi copilul dumneavoastr\u0103 pentru a face o evaluare simpl\u0103 \u015fi distractiv\u0103, folosind mai multe imagini speciale. La final, ve\u0163i primi un raport detaliat care identific\u0103 preferin\u0163ele de \u00eenv\u0103\u0163are ale copilului \u015fi v\u0103 d\u0103 dumneavoastr\u0103 sfaturi despre cum s\u0103 sus\u0163ine\u0163i copilul \u015fi acas\u0103.<br \/>\nDac\u0103 ve\u0163i dori s\u0103 \u00eenscrie\u0163i copilul la FasTracKids, aceast\u0103 informa\u0163ie \u00eei va ajuta pe profesori s\u0103 \u00een\u0163eleag\u0103 cum s\u0103 acceseze poten\u0163ialul de \u00eenv\u0103\u0163are al copilului dumneavoastr\u0103!<\/p>\n<p>Aceast\u0103 \u015fans\u0103 este foarte limitat\u0103 pentru dezvoltarea timpurie a copilului. L\u0103sa\u0163i-ne s\u0103 v\u0103 ajut\u0103m pentru a v\u0103 preg\u0103ti copilul de \u015fcoal\u0103 \u015fi via\u0163\u0103.<\/p>\n<p>[\/et_pb_text][et_pb_text admin_label=&#8221;Text&#8221; background_layout=&#8221;light&#8221; text_orientation=&#8221;left&#8221; use_border_color=&#8221;off&#8221; border_color=&#8221;#ffffff&#8221; border_style=&#8221;solid&#8221;]<\/p>\n<h3 style=\"text-align: center;\">G\u0102SI\u0162I O LOCA\u0162IE:<\/h3>\n<h3 style=\"text-align: center;\"><a href=\"http:\/\/fastrackparents.com\/devsite\/romania\/find-a-locations\/\"><img loading=\"lazy\" class=\"aligncenter size-thumbnail wp-image-713\" src=\"http:\/\/fastrackparents.com\/devsite\/wp-content\/uploads\/sites\/9\/2015\/08\/findalocation-150x136.png\" alt=\"findalocation\" height=\"136\" width=\"150\" srcset=\"http:\/\/fastrackparents.com\/romania\/wp-content\/uploads\/sites\/9\/2015\/08\/findalocation.png 150w, http:\/\/fastrackparents.com\/romania\/wp-content\/uploads\/sites\/9\/2015\/08\/findalocation-24x22.png 24w, http:\/\/fastrackparents.com\/romania\/wp-content\/uploads\/sites\/9\/2015\/08\/findalocation-36x33.png 36w, http:\/\/fastrackparents.com\/romania\/wp-content\/uploads\/sites\/9\/2015\/08\/findalocation-48x44.png 48w\" sizes=\"(max-width: 150px) 100vw, 150px\" \/><\/a><\/h3>\n<p>[\/et_pb_text][\/et_pb_column][\/et_pb_row][\/et_pb_section]<\/p>\n","protected":false},"excerpt":{"rendered":"<p>[et_pb_section fullwidth=&#8221;on&#8221; specialty=&#8221;off&#8221;][et_pb_fullwidth_image admin_label=&#8221;Fullwidth Image&#8221; src=&#8221;http:\/\/fastrackparents.com\/devsite\/wp-content\/uploads\/sites\/9\/2015\/08\/Assesmentsheader.jpg&#8221; show_in_lightbox=&#8221;off&#8221; url_new_window=&#8221;off&#8221; animation=&#8221;off&#8221; use_border_color=&#8221;off&#8221; border_color=&#8221;#ffffff&#8221; border_style=&#8221;solid&#8221;] [\/et_pb_fullwidth_image][\/et_pb_section][et_pb_section][et_pb_row][et_pb_column type=&#8221;1_3&#8243;][et_pb_sidebar admin_label=&#8221;Sidebar&#8221; orientation=&#8221;left&#8221; area=&#8221;et_pb_widget_area_3&#8243; background_layout=&#8221;light&#8221; remove_border=&#8221;off&#8221;] [\/et_pb_sidebar][\/et_pb_column][et_pb_column type=&#8221;2_3&#8243;][et_pb_text admin_label=&#8221;Text&#8221; background_layout=&#8221;light&#8221; text_orientation=&#8221;left&#8221; use_border_color=&#8221;off&#8221; border_color=&#8221;#ffffff&#8221; border_style=&#8221;solid&#8221;] Evaluarea Poten\u0163ialului de \u00cenv\u0103\u0163are FasTrack [\/et_pb_text][et_pb_text admin_label=&#8221;Text&#8221; background_layout=&#8221;light&#8221; text_orientation=&#8221;left&#8221; use_border_color=&#8221;off&#8221; border_color=&#8221;#ffffff&#8221; border_style=&#8221;solid&#8221;] Cum pute\u0163i s\u0103 v\u0103 ajuta\u0163i copilul s\u0103 devin\u0103 un elev potrivit secolului 21? La FasTracKids\u00ae credem [&hellip;]<\/p>\n","protected":false},"author":1,"featured_media":0,"parent":0,"menu_order":0,"comment_status":"closed","ping_status":"closed","template":"","meta":[],"_links":{"self":[{"href":"http:\/\/fastrackparents.com\/romania\/wp-json\/wp\/v2\/pages\/57"}],"collection":[{"href":"http:\/\/fastrackparents.com\/romania\/wp-json\/wp\/v2\/pages"}],"about":[{"href":"http:\/\/fastrackparents.com\/romania\/wp-json\/wp\/v2\/types\/page"}],"author":[{"embeddable":true,"href":"http:\/\/fastrackparents.com\/romania\/wp-json\/wp\/v2\/users\/1"}],"replies":[{"embeddable":true,"href":"http:\/\/fastrackparents.com\/romania\/wp-json\/wp\/v2\/comments?post=57"}],"version-history":[{"count":13,"href":"http:\/\/fastrackparents.com\/romania\/wp-json\/wp\/v2\/pages\/57\/revisions"}],"predecessor-version":[{"id":3280,"href":"http:\/\/fastrackparents.com\/romania\/wp-json\/wp\/v2\/pages\/57\/revisions\/3280"}],"wp:attachment":[{"href":"http:\/\/fastrackparents.com\/romania\/wp-json\/wp\/v2\/media?parent=57"}],"curies":[{"name":"wp","href":"https:\/\/api.w.org\/{rel}","templated":true}]}}